{"id":3729,"date":"2022-12-14T12:02:21","date_gmt":"2022-12-14T12:02:21","guid":{"rendered":"https:\/\/dih4cat.cat\/?post_type=agenda&#038;p=3729"},"modified":"2022-12-14T12:02:21","modified_gmt":"2022-12-14T12:02:21","slug":"presentation-of-thinkin-3d-mataro-the-additive-manufacturing-accelerator-of-the-tecnocampus","status":"publish","type":"agenda","link":"https:\/\/dih4cat.cat\/en\/agenda\/presentation-of-thinkin-3d-mataro-the-additive-manufacturing-accelerator-of-the-tecnocampus\/","title":{"rendered":"Presentation of ThinkIn 3D Matar\u00f3, the additive manufacturing accelerator of the TecnoCampus"},"comment_status":"open","ping_status":"closed","template":"","categoria_agenda":[78],"class_list":["post-3729","agenda","type-agenda","status-publish","hentry","categoria_agenda-additive-manufacturing-and-3d-printing"],"acf":[],"aioseo_notices":[],"yoast_head":"<!-- This site is optimized with the Yoast SEO plugin v27.4 - https:\/\/yoast.com\/product\/yoast-seo-wordpress\/ -->\n<title>Presentation of ThinkIn 3D Matar\u00f3, the additive manufacturing accelerator of the TecnoCampus - DIH4CAT, el Digital Innovation Hub de Catalunya<\/title>\n<meta name=\"robots\" content=\"index, follow, max-snippet:-1, max-image-preview:large, max-video-preview:-1\" \/>\n<link rel=\"canonical\" href=\"https:\/\/dih4cat.cat\/en\/agenda\/presentation-of-thinkin-3d-mataro-the-additive-manufacturing-accelerator-of-the-tecnocampus\/\" \/>\n<meta property=\"og:locale\" content=\"en_US\" \/>\n<meta property=\"og:type\" content=\"article\" \/>\n<meta property=\"og:title\" content=\"Presentation of ThinkIn 3D Matar\u00f3, the additive manufacturing accelerator of the TecnoCampus - DIH4CAT, el Digital Innovation Hub de Catalunya\" \/>\n<meta property=\"og:url\" content=\"https:\/\/dih4cat.cat\/en\/agenda\/presentation-of-thinkin-3d-mataro-the-additive-manufacturing-accelerator-of-the-tecnocampus\/\" \/>\n<meta property=\"og:site_name\" content=\"DIH4CAT, el Digital Innovation Hub de Catalunya\" \/>\n<meta name=\"twitter:card\" content=\"summary_large_image\" \/>\n<script type=\"application\/ld+json\" class=\"yoast-schema-graph\">{\"@context\":\"https:\\\/\\\/schema.org\",\"@graph\":[{\"@type\":\"WebPage\",\"@id\":\"https:\\\/\\\/dih4cat.cat\\\/en\\\/agenda\\\/presentation-of-thinkin-3d-mataro-the-additive-manufacturing-accelerator-of-the-tecnocampus\\\/\",\"url\":\"https:\\\/\\\/dih4cat.cat\\\/en\\\/agenda\\\/presentation-of-thinkin-3d-mataro-the-additive-manufacturing-accelerator-of-the-tecnocampus\\\/\",\"name\":\"Presentation of ThinkIn 3D Matar\u00f3, the additive manufacturing accelerator of the TecnoCampus - DIH4CAT, el Digital Innovation Hub de Catalunya\",\"isPartOf\":{\"@id\":\"https:\\\/\\\/dih4cat.mystagingwebsite.com\\\/#website\"},\"datePublished\":\"2022-12-14T12:02:21+00:00\",\"inLanguage\":\"en-US\",\"potentialAction\":[{\"@type\":\"ReadAction\",\"target\":[\"https:\\\/\\\/dih4cat.cat\\\/en\\\/agenda\\\/presentation-of-thinkin-3d-mataro-the-additive-manufacturing-accelerator-of-the-tecnocampus\\\/\"]}]},{\"@type\":\"WebSite\",\"@id\":\"https:\\\/\\\/dih4cat.mystagingwebsite.com\\\/#website\",\"url\":\"https:\\\/\\\/dih4cat.mystagingwebsite.com\\\/\",\"name\":\"DIH4CAT, el Digital Innovation Hub de Catalunya\",\"description\":\"El DIH4CAT integra agents, administracions p\u00fabliques i Nodes d&#039;Innovaci\u00f3 Digital (NID) especialitzats en 7 tecnologies avan\u00e7ades.\",\"potentialAction\":[{\"@type\":\"SearchAction\",\"target\":{\"@type\":\"EntryPoint\",\"urlTemplate\":\"https:\\\/\\\/dih4cat.mystagingwebsite.com\\\/?s={search_term_string}\"},\"query-input\":{\"@type\":\"PropertyValueSpecification\",\"valueRequired\":true,\"valueName\":\"search_term_string\"}}],\"inLanguage\":\"en-US\"}]}<\/script>\n<!-- \/ Yoast SEO plugin. -->","yoast_head_json":{"title":"Presentation of ThinkIn 3D Matar\u00f3, the additive manufacturing accelerator of the TecnoCampus - DIH4CAT, el Digital Innovation Hub de Catalunya","robots":{"index":"index","follow":"follow","max-snippet":"max-snippet:-1","max-image-preview":"max-image-preview:large","max-video-preview":"max-video-preview:-1"},"canonical":"https:\/\/dih4cat.cat\/en\/agenda\/presentation-of-thinkin-3d-mataro-the-additive-manufacturing-accelerator-of-the-tecnocampus\/","og_locale":"en_US","og_type":"article","og_title":"Presentation of ThinkIn 3D Matar\u00f3, the additive manufacturing accelerator of the TecnoCampus - DIH4CAT, el Digital Innovation Hub de Catalunya","og_url":"https:\/\/dih4cat.cat\/en\/agenda\/presentation-of-thinkin-3d-mataro-the-additive-manufacturing-accelerator-of-the-tecnocampus\/","og_site_name":"DIH4CAT, el Digital Innovation Hub de Catalunya","twitter_card":"summary_large_image","schema":{"@context":"https:\/\/schema.org","@graph":[{"@type":"WebPage","@id":"https:\/\/dih4cat.cat\/en\/agenda\/presentation-of-thinkin-3d-mataro-the-additive-manufacturing-accelerator-of-the-tecnocampus\/","url":"https:\/\/dih4cat.cat\/en\/agenda\/presentation-of-thinkin-3d-mataro-the-additive-manufacturing-accelerator-of-the-tecnocampus\/","name":"Presentation of ThinkIn 3D Matar\u00f3, the additive manufacturing accelerator of the TecnoCampus - DIH4CAT, el Digital Innovation Hub de Catalunya","isPartOf":{"@id":"https:\/\/dih4cat.mystagingwebsite.com\/#website"},"datePublished":"2022-12-14T12:02:21+00:00","inLanguage":"en-US","potentialAction":[{"@type":"ReadAction","target":["https:\/\/dih4cat.cat\/en\/agenda\/presentation-of-thinkin-3d-mataro-the-additive-manufacturing-accelerator-of-the-tecnocampus\/"]}]},{"@type":"WebSite","@id":"https:\/\/dih4cat.mystagingwebsite.com\/#website","url":"https:\/\/dih4cat.mystagingwebsite.com\/","name":"DIH4CAT, el Digital Innovation Hub de Catalunya","description":"El DIH4CAT integra agents, administracions p\u00fabliques i Nodes d&#039;Innovaci\u00f3 Digital (NID) especialitzats en 7 tecnologies avan\u00e7ades.","potentialAction":[{"@type":"SearchAction","target":{"@type":"EntryPoint","urlTemplate":"https:\/\/dih4cat.mystagingwebsite.com\/?s={search_term_string}"},"query-input":{"@type":"PropertyValueSpecification","valueRequired":true,"valueName":"search_term_string"}}],"inLanguage":"en-US"}]}},"jetpack_sharing_enabled":true,"_links":{"self":[{"href":"https:\/\/dih4cat.cat\/en\/wp-json\/wp\/v2\/agenda\/3729","targetHints":{"allow":["GET"]}}],"collection":[{"href":"https:\/\/dih4cat.cat\/en\/wp-json\/wp\/v2\/agenda"}],"about":[{"href":"https:\/\/dih4cat.cat\/en\/wp-json\/wp\/v2\/types\/agenda"}],"replies":[{"embeddable":true,"href":"https:\/\/dih4cat.cat\/en\/wp-json\/wp\/v2\/comments?post=3729"}],"version-history":[{"count":1,"href":"https:\/\/dih4cat.cat\/en\/wp-json\/wp\/v2\/agenda\/3729\/revisions"}],"predecessor-version":[{"id":3730,"href":"https:\/\/dih4cat.cat\/en\/wp-json\/wp\/v2\/agenda\/3729\/revisions\/3730"}],"wp:attachment":[{"href":"https:\/\/dih4cat.cat\/en\/wp-json\/wp\/v2\/media?parent=3729"}],"wp:term":[{"taxonomy":"categoria_agenda","embeddable":true,"href":"https:\/\/dih4cat.cat\/en\/wp-json\/wp\/v2\/categoria_agenda?post=3729"}],"curies":[{"name":"wp","href":"https:\/\/api.w.org\/{rel}","templated":true}]}}

Presentation of ThinkIn 3D Mataró, the additive manufacturing accelerator of the TecnoCampus

<!-- This site is optimized with the Yoast SEO plugin v27.4 - https://yoast.com/product/yoast-seo-wordpress/ -->
<title>Presentation of ThinkIn 3D Mataró, the additive manufacturing accelerator of the TecnoCampus - DIH4CAT, el Digital Innovation Hub de Catalunya</title>
<meta name="robots" content="index, follow, max-snippet:-1, max-image-preview:large, max-video-preview:-1" />
<link rel="canonical" href="https://dih4cat.cat/en/agenda/presentation-of-thinkin-3d-mataro-the-additive-manufacturing-accelerator-of-the-tecnocampus/" />
<meta property="og:locale" content="en_US" />
<meta property="og:type" content="article" />
<meta property="og:title" content="Presentation of ThinkIn 3D Mataró, the additive manufacturing accelerator of the TecnoCampus - DIH4CAT, el Digital Innovation Hub de Catalunya" />
<meta property="og:url" content="https://dih4cat.cat/en/agenda/presentation-of-thinkin-3d-mataro-the-additive-manufacturing-accelerator-of-the-tecnocampus/" />
<meta property="og:site_name" content="DIH4CAT, el Digital Innovation Hub de Catalunya" />
<meta name="twitter:card" content="summary_large_image" />
<script type="application/ld+json" class="yoast-schema-graph">{"@context":"https:\/\/schema.org","@graph":[{"@type":"WebPage","@id":"https:\/\/dih4cat.cat\/en\/agenda\/presentation-of-thinkin-3d-mataro-the-additive-manufacturing-accelerator-of-the-tecnocampus\/","url":"https:\/\/dih4cat.cat\/en\/agenda\/presentation-of-thinkin-3d-mataro-the-additive-manufacturing-accelerator-of-the-tecnocampus\/","name":"Presentation of ThinkIn 3D Mataró, the additive manufacturing accelerator of the TecnoCampus - DIH4CAT, el Digital Innovation Hub de Catalunya","isPartOf":{"@id":"https:\/\/dih4cat.mystagingwebsite.com\/#website"},"datePublished":"2022-12-14T12:02:21+00:00","inLanguage":"en-US","potentialAction":[{"@type":"ReadAction","target":["https:\/\/dih4cat.cat\/en\/agenda\/presentation-of-thinkin-3d-mataro-the-additive-manufacturing-accelerator-of-the-tecnocampus\/"]}]},{"@type":"WebSite","@id":"https:\/\/dih4cat.mystagingwebsite.com\/#website","url":"https:\/\/dih4cat.mystagingwebsite.com\/","name":"DIH4CAT, el Digital Innovation Hub de Catalunya","description":"El DIH4CAT integra agents, administracions públiques i Nodes d&#039;Innovació Digital (NID) especialitzats en 7 tecnologies avançades.","potentialAction":[{"@type":"SearchAction","target":{"@type":"EntryPoint","urlTemplate":"https:\/\/dih4cat.mystagingwebsite.com\/?s={search_term_string}"},"query-input":{"@type":"PropertyValueSpecification","valueRequired":true,"valueName":"search_term_string"}}],"inLanguage":"en-US"}]}</script>
<!-- / Yoast SEO plugin. -->

Presentation of ThinkIn 3D Mataró, the additive manufacturing accelerator of the TecnoCampus - DIH4CAT, el Digital Innovation Hub de Catalunya

El DIH4CAT integra agents, administracions públiques i Nodes d&#039;Innovació Digital (NID) especialitzats en 7 tecnologies avançades.
